 - 2*x**2 - 7*x. Let b(r) = -3*r**3 + 6*r + 3*r**2 - r**2 + 10*r**3. Let w = 1042 - 1037. Let z(n) = w*p(n) + 6*b(n). Determine z(-1).
-1
Let z(l) = -51*l - 61. Let a(c) = 29*c + 28. Let y(n) = -7*a(n) - 4*z(n). Determine y(11).
59
Let c(f) = -2*f + 3. Let a(z) = -7*z + 17. Let y(v) = -a(v) + 5*c(v). Suppose -4*p = -4*o + 20, 0*o + 1 = -5*p - 3*o. What is y(p)?
4
Let k = 184 + -181. Let t(q) = -6*q**3 + 2*q**2 + 2*q + 1. Let f be t(-1). Let l(j) = -j - f + 190*j**3 - 189*j**k - 7*j + 6*j**2. Determine l(-7).
0
Let m(s) = -6*s + 260. Let g(x) = 4*x - 101. Let t(r) = -5*g(r) - 2*m(r). Determine t(-2).
1
Let h be -1 + 80/12 + 1/3. Let w be (-3)/27*3*h - -2. Let j(p) = -p + 1. Let o(t) = 3*t. Let b(q) = -2*j(q) - o(q). Calculate b(w).
-2
Let t(b) = -120524*b + 60269*b + 60258*b + 8. Determine t(-14).
-34
Let o(q) = q - 36. Let i(n) = -2*n + 21. Let v(g) = 2*i(g) + 2*o(g). Calculate v(-20).
10
Let g(z) be the third derivative of -5*z**6/24 - z**5/60 + z**4/12 - z**3/6 - 3*z**2 - 15*z. Let a be 65/55 - (-4)/(-22). Determine g(a).
-25
Let b be 2/(-5) - 12/(-5). Let x(q) = -32*q**b + 12 + 12*q + 14*q**2 + 19*q**2. What is x(-11)?
1
Suppose -6*b + b + 25 = 0. Suppose 5*t - 6*t - 35 = b*a, -t = a + 23. Let n = t - -24. Let q(x) = -x**3 + 3*x**2 + 4*x. Give q(n).
0
Let w(l) = l**2 + 3*l - 23. Let z be w(4). Let d be 2 - -3 - (z - 7). Let s(x) = x - 4. What is s(d)?
3
Let t(l) = -8*l + 28. Let d = -1375 + 1379. Calculate t(d).
-4
Let r(j) = j**3 + 18*j**2 - 21*j + 7. Let y be r(-19). Let u(z) = 10*z - y + 18 + 26. Give u(-1).
-11
Let g(b) = 12*b + 93. Suppose 44*p + 252 = -32 - 68. Give g(p).
-3
Let z(d) = -d**2 - d**3 + 4*d**2 + 0*d**3 + 1. Suppose -17*h + 32391 = 32340. What is z(h)?
1
Let q(o) be the third derivative of -o**5/60 - o**4/2 - o**3/3 - 89*o**2. Let f be q(0). Let i(b) = -8*b + 2. Calculate i(f).
18
Let g = 27 + -70. Let b = 98 + g. Let u(o) = 66 - b + 16*o - 9*o - o**2. Determine u(8).
3
Let a(w) = -w**2 - 10*w - 10. Let j = 782 + -404. Let n be (-63)/j - 130/12. What is a(n)?
-21
Let c be ((33/2)/(-11))/(13/(-26)). Suppose -v - 1 = 0, 17 = 5*f - 5*v - 48. Suppose 0 = c*w - f. Let g(h) = -h**3 + 4*h**2 - h - 5. Determine g(w).
-9
Suppose 2*h + 10 = 14. Let b(f) be the second derivative of -f**5/20 - f**4/6 + f**3/3 + f**2/2 - 1083*f. Calculate b(h).
-11
Let o(k) = 145 + 159 - 317 - 19*k + 21*k. Calculate o(5).
-3
Suppose -9*f + 24 = -3*f. Let m(h) = -15*h + 51. Let o be m(f). Let r(k) = k + 8. What is r(o)?
-1
Let z be (-2)/(-9) + (-29)/9. Suppose -109*i + 6 = 5*x - 113*i, -5*x = -3*i - 7. Let l(j) = 5*j**2 - 7 + j**3 + x*j**3 - 2*j**3 + 3*j + 8. Give l(z).
10
Let w(m) be the first derivative of -7*m**2/2 + m - 6. Let z(p) = 62*p + 371. Let k be z(-6). What is w(k)?
8
Let i(m) = -m**2 - m + 1. Let o(w) = 3*w + 34. Let y(j) = -4*j - 36. Let z(l) = -2*l**2 - 3*l + 3. Let f be z(-3). Let s be y(f). Let g be o(s). Determine i(g).
-1
Suppose -5*p + 55 = 5*o, 0 = -4*o + 3*o - 3*p + 21. Let h = 28 - 24. Let l(y) = -1 - 2*y + 0 + h + 3*y. Determine l(o).
9
Suppose 0 = -4*y + k + 4, 3*k + 14 = -3*y + 8*k. Suppose -4*g + y*p = 4*p - 22, 0 = 4*p - 4. Let b(u) = 3*u - 5. Give b(g).
10
Let q(c) be the third derivative of c**7/1260 + 59*c**5/60 - 2*c**2 - 66*c. Let d(g) be the third derivative of q(g). Give d(-3).
-12
Let f(u) = 4*u + 32. Let p = 2290 - 2305. Calculate f(p).
-28
Let t(o) be the first derivative of -o**4/4 + 2*o**3 - 3*o + 1. Let c be -5 - (3 + -2) - -10. Suppose -i + 20 = 7*v - c*v, 5*i - 16 = -v. What is t(v)?
-3
Let j(u) = -7*u + 66 + 68 - 5*u + 45 + 4. Let d be j(15). Let r(t) = t + 1. What is r(d)?
4
Suppose -750 = -4*t - 3*o - 17, 384 = 2*t - 2*o. Let y(j) = t + 0*j - 170 - j. Determine y(10).
7
Let v(p) = -19*p**3 + 13*p**2 + 14*p + 20*p**3 - 5*p**2 + 14. Let c be v(-6). Let w(j) = -15*j + 6*j**c - 3 - j**3 + 6*j + 8*j. Give w(4).
25
Let s(i) = 31*i + 13. Let q = -2726 - -2724. What is s(q)?
-49
Let p(m) = 18*m + 1. Let t(s) = -6*s + 4*s + s - 6. Suppose -4 = g + 2*y - y, 5*y = -2*g - 5. Let x be t(g). Give p(x).
-17
Let i(z) be the first derivative of z**6/120 - z**5/6 + 7*z**4/24 + 10*z**3/3 + 7*z**2 + 3*z + 87. Let g(k) be the second derivative of i(k). Give g(9).
2
Let g(d) be the first derivative of d**5/120 + d**4/24 - 5*d**3/3 - 2*d - 70. Let v(s) be the third derivative of g(s). Determine v(-1).
0
Let k(p) = p. Let s(o) = -o - 2. Let q(v) = -v + 2. Let d(j) = -4*q(j) - 5*s(j). Let c(g) = -d(g) + 6*k(g). Determine c(-3).
7
Let i(t) = 72*t + 28. Let w(q) = 79*q + 30. Let r(z) = -10*i(z) + 9*w(z). Give r(-9).
71
Suppose 363*f + 17 + 151 = 387*f. Let x(y) = -y**3 + 9*y**2 - 12*y - 13. Determine x(f).
1
Let q(r) = 8*r + 12. Suppose -219*w - 61*w - 14*w = 1470. What is q(w)?
-28
Let n be 2 - (1 + -1) - (-14 + -156). Suppose 0 = 173*z - n*z + 3. Let b(k) = -2*k - 9. Let i(p) = p + 5. Let a(j) = 6*b(j) + 10*i(j). Calculate a(z).
2
Let h(l) = l**3 - l**2 + l - 1. Let d(a) = a**3 - 9*a**2 - a + 1. Let v(o) = -d(o) + 2*h(o). Let s = 10885 + -10892. What is v(s)?
-24
Let v = 10 - 6. Let l(t) be the second derivative of t**4/4 - t**3/3 + 2*t**2 - 256410*t. Calculate l(v).
44
Let v = 4 - 2. Suppose -5*m + 4*p - 7 = -2, m + v*p + 15 = 0. Let u(f) = 13 - 24 - 4*f + 3*f. What is u(m)?
-6
Let a be 392/154 - 6/11. Let v(g) = 49 - 9*g**a + g**3 - 97 + 42 + 8*g. Calculate v(8).
-6
Let m(g) = g**2 + 3*g + 7*g - 13*g + 6 + 8*g + 0*g**2. Let c be -3 + -1 + 2 - 3. Calculate m(c).
6
Let l(j) = -7*j**2 - 182*j + 5. Let z(n) = -6*n**2 - 152*n + 4. Let q(k) = 5*l(k) - 6*z(k). Let r(g) = -g**2 - 11*g - 6. Let p be r(-10). What is q(p)?
25
Let m(y) = -2*y**2 - 15*y - 2. Let s(r) = r**2 + 10*r + 1. Let k(u) = -5*m(u) - 8*s(u). Suppose -1537 = -8*z - 1513. Calculate k(z).
5
Let b(p) = -11 + 7 + 76*p - 78*p. Calculate b(6).
-16
Let d(n) = 1170*n - 7*n**2 - 587*n - n**2 - 586*n + 6*n**2. Let f(s) = -s**3 + 4*s**2 + 5*s + 2. Let g be f(5). Let y be 1*3*(1 - g). Calculate d(y).
-9
Let x(b) = 138*b**3 + 8*b**2 - 12*b - 20. Let m(g) = 92*g**3 + 6*g**2 - 8*g - 14. Let w(u) = -10*m(u) + 7*x(u). Calculate w(-1).
-46
Let c(f) = f**3 - 3*f**2 + 10*f - 9. Let a(l) = -3*l**3 + 8*l**2 - 27*l + 26. Let i(j) = 6*a(j) + 17*c(j). Give i(-4).
-13
Let n(x) = -14*x + 47. Let m(g) = 46*g - 146. Let b(h) = 2*m(h) + 7*n(h). Determine b(7).
-5
Let x(z) be the first derivative of -z**3/3 - 7*z**2 - z + 2407. What is x(-13)?
12
Let j(s) = s**2 + 3*s + 3. Let v(q) = 4*q**3 + 2*q**2 - 13*q - 8. Let w be v(-5). Let r = w + 390. What is j(r)?
3
Suppose 0 = 6*u + 94 - 700. Suppose -29 - u = -5*n. Suppose 0 = -4*o + n + 6. Let m(q) = q**2 - 8*q + 1. What is m(o)?
1
Let f = -4520 - -4512. Let h(q) = -q**3 - 9*q**2 - 8*q - 5. What is h(f)?
-5
Let m(k) = 2*k**2 + k - 2. Let d(x) be the first derivative of 4*x**4 + 10*x**3/3 + 5*x**2/2 - 8*x + 25. Let r(i) = -d(i) + 4*m(i). Give r(-1).
15
Let l(n) = -3*n**2 - 4*n + 3. Let m be l(-2). Let b(g) = -g**3 + 2*g**2 - 5*g - 5. Let h(r) = r**3 - r**2 + r + 4. Let t(v) = m*b(v) - 2*h(v). Calculate t(2).
-5
Let d be (83/(-249))/(94/48 + -2). Let j(z) = z**2 - 7*z - 6. Calculate j(d).
2
Let g(z) = -12*z**2 + 0 + 116*z - 34*z + 5*z**3 - 45*z + 2 - 42*z. Let i(m) = -12*m**3 + 25*m**2 + 10*m - 6. Let x(r) = -7*g(r) - 3*i(r). Determine x(-8).
28
Let h(j) be the second derivative of -j**4/4 + 5*j**3/3 + 2*j**2 + 42*j. Calculate h(3).
7
Let h(x) be the first derivative of -x**4/4 + 2*x**3 + 5*x**2/2 - 8*x + 1220. Determine h(6).
22
Let o(q) = -q**3 - 5*q**2 + 3*q - 7. Let y(w) = 3*w**3 + 15*w**2 - 9*w + 20. Let d(m) = -8*o(m) - 3*y(m). Let f = -401 + 395. Determine d(f).
14
Let r(m) = m - 8. Let g be r(13). Suppose 3*o = -h + 10 - 7, g*h + 5*o + 5 = 0. Let t(a) = -a**3 - 4*a**2 - 2*a - 4. Determine t(h).
-7
Let l be (-2)/3*-2*3. Suppose 12 = -3*m, -k = -3*m + 7*m + 14. Let u(z) = z - 1. Let a(g) = 3*g - 1. Let t(n) = k*u(n) - a(n). Give t(l).
-5
Let h(n) = -n**2 - 3*n + 5. Let r be h(-4). Let a(d) = -d - r - 1 + 6 + 0*d. Let k = 5439 - 5445. What is a(k)?
10
Let u(v) be the second derivative of -v**5/20 - 5*v**4/4 - 11*v**3/6 + 10*v**2 - 944*v. Determine u(-14).
-22
Suppose 24*h - 20*h - 40 = 0. Let z(q) = -9*q + 21*q - h*q - 4. Give z(5).
6
Let h(l) = 3*l**3 - 8*l**2 - 34*l - 11. Let s be h(5). Let q(r) = -r**3 - 5*r**2 - 2*r + 8. Calculate q(s).
56
Le